{"id":143,"date":"2022-07-11T14:07:45","date_gmt":"2022-07-11T12:07:45","guid":{"rendered":"https:\/\/henriklaustsen.dk\/?page_id=143"},"modified":"2026-01-21T14:02:19","modified_gmt":"2026-01-21T13:02:19","slug":"kontakt-os","status":"publish","type":"page","link":"https:\/\/henriklaustsen.dk\/?page_id=143","title":{"rendered":"Kontakt"},"content":{"rendered":"\n<div class=\"wp-block-buttons is-layout-flex wp-block-buttons-is-layout-flex\"><\/div>\n\n\n\n<hr class=\"wp-block-separator has-alpha-channel-opacity has-background is-style-wide\"\/>\n\n\n\n<p>Her har du mulighed for at kontakte os via email&#8230;hvis du vil k\u00f8be et banner eller flere. Vi kan ogs\u00e5 hj\u00e6lpe med levering af tegninger og vejledninger.<\/p>\n\n\n\n<p>Vi s\u00e6lger et samlet s\u00e6t med bannere til jul, p\u00e5ske og pinse sammen med tegninger til farvel\u00e6gning, opgaver og vejledninger. <br>Fotos kan frit hentes her p\u00e5 siderne.<\/p>\n\n\n\n<p>Hvis du har brug for at sende noget fysisk kan det ske til:<\/p>\n\n\n\n<p>A. And<br>Andebyvej 10<br>1234 Andeby<\/p>\n\n\n\n<p>Du er ogs\u00e5 velkommen til at SMS&#8217;e til +45 12 34 56 78<\/p>\n\n\n\n<div class=\"wp-block-contact-form-7-contact-form-selector\">[contact-form-7 id=&#8221;51&#8243; title=&#8221;Contact form 1&#8243;]<\/div>\n\n\n\n<hr class=\"wp-block-separator has-alpha-channel-opacity has-background is-style-wide\"\/>\n\n\n\n<div class=\"wp-block-buttons is-layout-flex wp-block-buttons-is-layout-flex\">\n<div class=\"wp-block-button has-custom-width wp-block-button__width-25 is-style-fill\"><a class=\"wp-block-button__link has-white-color has-medium-gray-background-color has-text-color has-background wp-element-button\" href=\"https:\/\/henriklaustsen.dk\/?page_id=98\" style=\"border-radius:0px\">Forside<\/a><\/div>\n<\/div>\n","protected":false},"excerpt":{"rendered":"<p>Her har du mulighed for at kontakte os via email&#8230;hvis du vil k\u00f8be et banner eller flere. Vi kan ogs\u00e5<\/p>\n<p><a href=\"https:\/\/henriklaustsen.dk\/?page_id=143\" class=\"more-link\">Continue reading<span class=\"screen-reader-text\">Kontakt<\/span><\/a><\/p>\n","protected":false},"author":1,"featured_media":0,"parent":0,"menu_order":0,"comment_status":"closed","ping_status":"closed","template":"templates\/full-width-page.php","meta":{"footnotes":""},"class_list":["post-143","page","type-page","status-publish","hentry"],"_links":{"self":[{"href":"https:\/\/henriklaustsen.dk\/index.php?rest_route=\/wp\/v2\/pages\/143","targetHints":{"allow":["GET"]}}],"collection":[{"href":"https:\/\/henriklaustsen.dk\/index.php?rest_route=\/wp\/v2\/pages"}],"about":[{"href":"https:\/\/henriklaustsen.dk\/index.php?rest_route=\/wp\/v2\/types\/page"}],"author":[{"embeddable":true,"href":"https:\/\/henriklaustsen.dk\/index.php?rest_route=\/wp\/v2\/users\/1"}],"replies":[{"embeddable":true,"href":"https:\/\/henriklaustsen.dk\/index.php?rest_route=%2Fwp%2Fv2%2Fcomments&post=143"}],"version-history":[{"count":9,"href":"https:\/\/henriklaustsen.dk\/index.php?rest_route=\/wp\/v2\/pages\/143\/revisions"}],"predecessor-version":[{"id":319,"href":"https:\/\/henriklaustsen.dk\/index.php?rest_route=\/wp\/v2\/pages\/143\/revisions\/319"}],"wp:attachment":[{"href":"https:\/\/henriklaustsen.dk\/index.php?rest_route=%2Fwp%2Fv2%2Fmedia&parent=143"}],"curies":[{"name":"wp","href":"https:\/\/api.w.org\/{rel}","templated":true}]}}